ate 24 + -11 - (-6 + 9 - -11).
-1
Calculate -5 - (7 + 5 + -5 + -1 + -7).
-4
What is the value of 1 + -13 + 14 + (-2 - -4) + -7?
-3
-6 + (4 + -8 - -10) + -11
-11
Evaluate 3 - -4 - (-167 - -172).
2
-9 + 8 + -1 + -7 + -12 + 12
-9
Calculate (-21 - -25) + (5 - -2) + -1.
10
49 + -44 + -25 + -5 - -6
-19
-4 - (-1 - 4) - (13 + -20 - 5)
13
What is the value of 19 + -1 - (-148 - -165)?
1
31 + -40 + (-38 - -37)
-10
-3 - (2 + (9 + -4 - 2) + 0)
-8
Calculate 20 + 11 + (-13 - 1).
17
What is the value of (14 - 12 - 10) + 0?
-8
What is -14 - 11 - ((1 - 1) + -6 + -3)?
-16
9 + 12 + -34 + -10
-23
What is the value of (32 - 7) + (-1 - 41)?
-17
What is the value of 25 + 4 + -53 - -14?
-10
What is -12 + 7 - (-3 - (10 - (-5 + 1)))?
12
Evaluate (-1 + 1 + -5 - 19) + -10 + 1.
-33
What is 1 + 0 - -1 - (27 + -28 + 0)?
3
What is the value of (-17 - (-17 + 8)) + 1 + -7?
-14
What is (-6 - (-8 + 4)) + (-5 + 10 - -16)?
19
What is the value of -4 - 32 - (343 - 351)?
-28
What is the value of 5 + 5 + (-3 - 1) - (-1 + -2)?
9
What is -9 + 9 + (3 - (2 + 4)) + -7?
-10
What is the value of 1 - (1 - -3 - (19 - (8 - 0)))?
8
What is the value of (1 - 9 - -2) + (9 - 23) + 12?
-8
What is -5 + 3 + (-6 - (1 - 14))?
5
Evaluate -4 + 17 - 7 - (4 + (20 - 2)).
-16
What is the value of (-1 - -3) + (19 - 29 - -12)?
4
What is the value of -9 - ((3 - 2) + 10 + -11) - -2?
-7
11 + 1 + (-6 - -10 - 6)
10
What is 24 + (-24 - 1 - -19)?
18
Calculate -9 - (9 + (-3 - (-9 + 7))).
-17
What is -3 - ((10 - 27) + 12) - (2 + 6)?
-6
What is the value of (-301 - -298) + (-14 - -2 - 1)?
-16
What is -14 - (9 - 16 - 10)?
3
-4 - (11 + -9) - 9 - -5
-10
What is (-14 - 7) + (75 - 60)?
-6
Calculate 0 - -3 - (-21 + (2 - -3) - -14).
5
What is (0 - 2) + ((-15 - -12) + -3 - -17)?
9
What is the value of 43 + -57 + 12 + 4?
2
Calculate 17 + (-4 - 13) - 2.
-2
(1 - (0 - -18)) + 6 - 2 - -6
-7
What is the value of (-9 - (-32 + 19)) + 2 + -21?
-15
-15 - 2 - -3 - -3 - (1073 - 1089)
5
Calculate 4 + (9 + (-14 - -5 - -2) - -5).
11
Evaluate (-3 - -2) + -30 + 39 + 8.
16
-1 + (11 - 4) + -2
4
Evaluate 19 + (-30 + 16 - -4).
9
Calculate -26 + 5 - (26 + -13 + -9).
-25
11 + (-1 - (-1 - -27 - -13))
-29
(-16 - (-21 - -13)) + 0 + -12
-20
Calculate -30 + -30 + 26 + 17.
-17
What is the value of -5 - (-12 - (-12 + 22))?
17
1 - (-11 + -2 + -2 - -9)
7
-44 - (20 + -29) - -21
-14
Evaluate (-62 - -27) + 41 + -5 + 28.
29
What is the value of (-6 - (5 - 9)) + 11 + -3?
6
Evaluate (-3 + -1 - 4) + (10 - 6) + 2.
-2
-32 + (-9 - -85 - 27)
17
6 + -70 + (80 - 42)
-26
Calculate -15 + (53 - (38 - 29)).
29
Calculate 17 + (-5 - 2) - (4 - 3 - -3).
6
0 - 8 - (-705 - -693)
4
-6 + (-7 - 9) + 5 + (-3 - 5)
-25
1 - 10 - (8 - (9 + (6 - 6)))
-8
Calculate 22 + -5 + -7 - 6.
4
Evaluate (3 - (0 - 6)) + -7 + (3 - 0).
5
Evaluate -58 + 4 - (80 - 116).
-18
Calculate (9 - ((11 - 9) + 4)) + -26.
-23
Calculate -20 - (14 - 15 - 9).
-10
Evaluate 5 + -4 + -1 + -4 + 4.
0
What is the value of -5 + (17 - 8) + -8 + -1 + -15?
-20
Calculate -6 + 11 + (4 - -4 - -1) + -8.
6
What is the value of 22 + 1 + -528 + 478?
-27
Evaluate 270 - 266 - (16 + 3).
-15
Calculate (77 + -65 - 44) + -1 + 9.
-24
27 + (-10 - 5 - 5)
7
What is -20 + 32 + -11 + 1?
2
Evaluate 19 - 27 - (-11 - -1).
2
What is -2 - 0 - (-7 - 0 - -4) - -8?
9
What is the value of 1 + -19 + 1 + (0 - -22) + -19?
-14
Calculate -2 + 0 - -1 - (28 + -84 + 41).
14
8 + (23 - 26) + 2
7
Evaluate (9 + -1 - (-28 + 31)) + 0 + -16.
-11
8 + (-17 - -10) + 2
3
What is the value of -23 + 14 - (17 + 3)?
-29
Evaluate (1 + -4 - (7 - 15 - 2)) + 9.
16
What is 49 + -24 - 48 - -16?
-7
Calculate 4 + 62 + -33 + -12.
21
What is the value of -16 + (-3 - -3) + (-3 - (1 - 2))?
-18
Calculate -12 + (3 - (-9 - -3)) + -14.
-17
What is -6 + 17 - (-1 + 9 - 1)?
4
What is the value of 31 + -78 + 29 + 3?
-15
What is the value of (3 - (-8 - (0 + -7))) + 3 + 4?
11
(57 - 25) + -60 + 15
-13
What is the value of (-7 - (-8 - (-9 + 3 + 0))) + 3?
-2
Calculate -5 - (10 - 2 - (-7 + 15)).
-5
Calculate (17 - (0 - -2)) + 7 + -1 + -12.
9
What is (1 - -3 - 25) + 11?
-10
What is the value of -5 - (-20 + -1 + 4 + 5)?
7
Calculate -9 - (-7 + 2) - 14 - 8.
-26
-5 - ((-7 - -14) + -5 - (-1 + -3))
-11
What is 16 - (29 - (-27 - -15))?
-25
What is 24 + 5 + (18 - 49)?
-2
Calculate (-12 - -4) + 152 + -136.
8
What is 14 + (-28 + 1 - -39)?
26
-883 + 875 - ((-1 - 1) + -9)
3
(-4 - 24) + -3 + (10 - 3)
-24
What is the value of (3 - -3 - -2) + 27 + 7 + -40?
2
What is 5 - (10 - 4) - (7 - (2 + 0))?
-6
What is 1 + -7 - (3 - -7 - (16 + 0))?
0
What is -6 - (4 + -29) - (43 + -59)?
35
Calculate 3 - (1 + 0) - (-51 + 14 - -34).
5
What is the value of -6 + (2 + -7 + -3 - -22)?
8
Calculate 8 + 8 + (24 + -13 - 12).
15
Evaluate -10 + (0 - -17) + -47 + 51.
11
Evaluate 18 - (-1 + 2 + -4 + 6).
15
What is -37 + (13 - (-33 - -9))?
0
What is the value of (-12 - 3 - -5) + (-43 - -42)?
-11
6 + 1 - (13 - (-23 - -12))
-17
What is the value of 0 + 18 - -23 - 23?
18
What is -9 - (0 - -6 - 8)?
-7
What is -54 - -71 - (4 + -2)?
15
What is 38 + -2 + -20 + -2?
14
What is the value of -3 + 0 + 9 + 1?
7
What is 29 + -16 + 9 + -5 + -6 + 9?
20
What is -1 + -10 + (-32 - (7 + -42))?
-8
-15 - (-1 + -17 + 10)
-7
Calculate 9 - 0 - (0 + 25) - -9.
-7
What is the value of (-11 - (-11 - -2) - 7) + -9 - 3?
-21
What is (-4 - -1 - -13) + -23?
-13
Evaluate -26 - -1 - (300 - 336).
11
What is the value of 3 + 2 + -9 + -7 + -2?
-13
Calculate 3 + 5 + 7 + -7 - (15 + 14).
-21
Calculate (-7 - (6 + 0 + -16) - 5) + -1.
-3
Evaluate 8 + (-5 + -16 - -10) + -2 + 13.
8
Evaluate -14 + 5 - (-26 - (4 + -7)).
14
Calculate -5 + (-12 - (6 + -13)) + 5 + -2.
-7
What is 17 - (10 + 22 + -5)?
-10
Evaluate -2 + (4 + 2 + -7 - 13).
-16
Calculate (2 + 1 - -2) + -5 + 13 + -5.
8
Calculate (35 - (14 - -3)) + -6.
12
Evaluate 65 + -65 - (1 - -10).
-11
What is -4 - ((-4 - (2 + -6) - 31) + 8)?
19
(-35 - 0) + 14 + 9
-12
What is -12 + -14 + 7 + (-2 + 7 - 0)?
-14
What is the value of (3 - (6 + 4)) + 6 + -8?
-9
Evaluate -180 + 190 - (1 + 9 - 1).
1
Calculate -11 + (2 - (10 + -9)) + 0.
-10
-1 + 4 + 2 + 1 + -3
3
What is (-7 - (-9 - -8)) + (1 - (-1 - 4))?
0
Calculate (-18 + 3 + 11 - -14) + 5.
15
What is -1 - (-26 + (-28 - -43))?
10
What is 8 + -34 - (10 - 20)?
-16
What is the value of 7 - (30 + -2 - 3)?
-18
Calculate (16 - 21) + (-8 - 0) - 8.
-21
What is 1 - (8 + (-4 - (-14 - -14)))?
-3
What is the value of -7 + 11 + 8 + -23?
-11
Evaluate -7 + (-10 + 0 + 21 - 9).
-5
(23 - 11) + -10 + -12
-10
What is (-12 + 12 - 5) + 5 + -9 + 6?
-3
What is -1 - ((5 - 5) + -3 - -4)?
-2
What is 2 - (33 - (11 + -4 + 9))?
-15
Calculate (-25 - 15 - -16) + 36.
12
Evaluate -3 + 8 - 0 - 10 - 1.
-6
What is the value of -10 - (-7 + -12 + 2) - (24 + 1)?
-18
Calculate 40 + -20 + (-95 - -49).
-26
What is 5 + (-4 + 5 + -5 - 0)?
1
What is the value of 13 - ((-4 - (-36 + 26)) + -7 + -1)?
15
(14 - 18) + 1 + -10 - (5 + 2)
-20
Calculate (6 + -2 - 9) + 11 - 13.
-7
(-58 - -39) + (1 - (4 - 10 - -4))
-16
1 + -7 - (0 - (14 + 2 + -8))
2
What is (-7 - -14 - 3) + (1 - 2) + -2?
1
What is -39 + 20 + 36 + 2?
19
Evaluate 0 - (43 + -13 + -29).
-1
What is -5 - -5 - (-2 + 0 + -5)?
7
What is the value of (-11 + 12 - -12) + -4?
9
(-6 + 3 - (-3 - -6)) + 9
3
What is 1 + -20 + (0 - -9) + 11 + -18?
-17
Calculate -1 - 4 - (15 - 11 - 4) - -11.
6
What is the value of -4 + (-6 - -4) - (-1 + 3 - 8)?
0
What is the value of -11 + (-13 + 15 + 36 - 17)?
10
What is 32 + -63 + (-1 - -16)?
-16
-38 + (1 - 0) + (-4 + 26 - 14)
-29
Calculate -2 - (14 + 1 + 6 + (-20 - -12)).
-15
What is the value of -7 + -2 + 8 + 1 + 13 + -29?
-16
Evaluate (19 - 12) + -20 - -34.
21
Evaluate 1 - (1 + 4 + (-1 - (-1 - 1))).
-5
Evaluate -2 + (-17 - (13 + -7) - -10).
-15
Calculate (251 - 263) + 28 + -2.
14
What is (1 - 0) + (7 - (-4 - (-1 + -6)))?
5
What is (-2 - -2) + 17 + -26 - (-140 - -115)?
16
Calculate 120 - 104 - (13 + -1).
4
What is -2 - 6 - (7 - 9 - -6 - -2)?
-14
Calculate (8 - (26 - 11)) + 26 + -3.
16
What is 5 - -8 - 12 - (2 - -1)?
-2
(0 - -3) + -12 + 13 + 0 + 14
18
Evaluate (7 - 2) + -2 + (5 - 4).
4
What is the value of 2 - (-18 + 1 + 17) - (10 - 1)?
-7
What is the value of (85 - 79) + 2 + 0 + 2?
10
What is the value of -7 - (-21 + (2 - (-3 - 0)))?
9
What is 14 + -37 + 22 - (8 - -2 - -1)?
-12
Calculate -4 + -2 + (79 - 80).
-7
What is 11 + (-23 - 8) + 50 - 17?
13
What is the value of 11 + 5 - 